{"id":10,"date":"2023-06-18T21:23:24","date_gmt":"2023-06-19T02:23:24","guid":{"rendered":"https:\/\/mujerforestal.com\/natbios\/?page_id=10"},"modified":"2023-07-03T17:22:40","modified_gmt":"2023-07-03T22:22:40","slug":"nuestros-servicios","status":"publish","type":"page","link":"https:\/\/natbios.org\/index.php\/nuestros-servicios\/","title":{"rendered":"Nuestros Servicios"},"content":{"rendered":"\n<p>En NatB\u00edos queremos una vida sustentable en nuestra casa com\u00fan, no obstante en la actualidad al hablar de &#8220;vida sustentable&#8221; por lo general implica relaciones con temas de salud f\u00edsica. Contrario a esto creemos que una vida sustentable implica asumir a la especie humana como parte del ambiente y es por esto que proponemos un enfoque diferencial que adopta diversas visiones para la gesti\u00f3n del territorio y lo enfocamos en tres l\u00edneas de acci\u00f3n:<\/p>\n\n\n\n<div style=\"height:78px\" aria-hidden=\"true\" class=\"wp-block-spacer\"><\/div>\n\n\n\n<div class=\"wp-block-columns is-layout-flex wp-container-core-columns-is-layout-9d6595d7 wp-block-columns-is-layout-flex\">\n<div class=\"wp-block-column is-layout-flow wp-block-column-is-layout-flow\" style=\"flex-basis:33.33%\">\n<figure class=\"wp-block-image size-large is-resized\"><img loading=\"lazy\" decoding=\"async\" src=\"https:\/\/mujerforestal.com\/natbios\/wp-content\/uploads\/2023\/06\/Diseno-sin-titulo-8-1-1024x1024.png\" alt=\"\" class=\"wp-image-112\" width=\"256\" height=\"256\" srcset=\"https:\/\/natbios.org\/wp-content\/uploads\/2023\/06\/Diseno-sin-titulo-8-1-1024x1024.png 1024w, https:\/\/natbios.org\/wp-content\/uploads\/2023\/06\/Diseno-sin-titulo-8-1-300x300.png 300w, https:\/\/natbios.org\/wp-content\/uploads\/2023\/06\/Diseno-sin-titulo-8-1-150x150.png 150w, https:\/\/natbios.org\/wp-content\/uploads\/2023\/06\/Diseno-sin-titulo-8-1-768x768.png 768w, https:\/\/natbios.org\/wp-content\/uploads\/2023\/06\/Diseno-sin-titulo-8-1.png 1500w\" sizes=\"auto, (max-width: 256px) 100vw, 256px\" \/><\/figure>\n<\/div>\n\n\n\n<div class=\"wp-block-column is-layout-flow wp-block-column-is-layout-flow\" style=\"flex-basis:66.66%\">\n<h4 class=\"wp-block-heading\"><strong><a href=\"https:\/\/mujerforestal.com\/natbios\/index.php\/2022\/10\/01\/empoderamos-comunidades\/\" data-type=\"URL\" data-id=\"https:\/\/mujerforestal.com\/natbios\/index.php\/2022\/10\/01\/empoderamos-comunidades\/\">Empoderamos Comunidades<\/a><\/strong><\/h4>\n\n\n\n<p>Queremos marcar la diferencia en la b\u00fasqueda de una vida sustentable basada en el fortalecimiento del ser y del hacer consciente. Creemos que para tener una vida sustentable es clave tu salud f\u00edsica, emocional y tu entorno. Capacitamos comunidades y fomentamos soluciones basadas en la necesidad de lograr armon\u00eda con el entorno de comunidades rurales o citadinas, seguridad alimentaria, evitar estereotipos y descubrir los beneficios de la naturaleza en tu salud.<\/p>\n<\/div>\n<\/div>\n\n\n\n<hr class=\"wp-block-separator has-alpha-channel-opacity\"\/>\n\n\n\n<div class=\"wp-block-columns is-layout-flex wp-container-core-columns-is-layout-9d6595d7 wp-block-columns-is-layout-flex\">\n<div class=\"wp-block-column is-layout-flow wp-block-column-is-layout-flow\" style=\"flex-basis:66.66%\">\n<h4 class=\"wp-block-heading\"><strong><a href=\"https:\/\/mujerforestal.com\/natbios\/index.php\/2023\/06\/20\/enfrentamos-la-degradacion-ambiental\/\">Enfrentamos la degradaci\u00f3n ambiental<\/a><\/strong><\/h4>\n\n\n\n<p>Consideramos que al tener un enfoque de sistemas sociales y ecol\u00f3gicos, la degradaci\u00f3n ambiental puede asumir diferentes aristas como la pobreza, el hambre, la violencia, la deforestaci\u00f3n y la p\u00e9rdida de biodiversidad entre otros. Por lo que estudiamos y dise\u00f1amos soluciones integrales que sirvan como herramienta para enfrentar la degradaci\u00f3n y respondan a las necesidades de los territorios.<\/p>\n<\/div>\n\n\n\n<div class=\"wp-block-column is-layout-flow wp-block-column-is-layout-flow\" style=\"flex-basis:33.33%\">\n<figure class=\"wp-block-image size-large is-resized\"><img loading=\"lazy\" decoding=\"async\" src=\"https:\/\/mujerforestal.com\/natbios\/wp-content\/uploads\/2022\/10\/WhatsApp-Image-2023-06-20-at-6.25.09-PM-1024x1024.jpeg\" alt=\"\" class=\"wp-image-72\" width=\"256\" height=\"256\" srcset=\"https:\/\/natbios.org\/wp-content\/uploads\/2022\/10\/WhatsApp-Image-2023-06-20-at-6.25.09-PM-1024x1024.jpeg 1024w, https:\/\/natbios.org\/wp-content\/uploads\/2022\/10\/WhatsApp-Image-2023-06-20-at-6.25.09-PM-300x300.jpeg 300w, https:\/\/natbios.org\/wp-content\/uploads\/2022\/10\/WhatsApp-Image-2023-06-20-at-6.25.09-PM-150x150.jpeg 150w, https:\/\/natbios.org\/wp-content\/uploads\/2022\/10\/WhatsApp-Image-2023-06-20-at-6.25.09-PM-768x768.jpeg 768w, https:\/\/natbios.org\/wp-content\/uploads\/2022\/10\/WhatsApp-Image-2023-06-20-at-6.25.09-PM-600x600.jpeg 600w, https:\/\/natbios.org\/wp-content\/uploads\/2022\/10\/WhatsApp-Image-2023-06-20-at-6.25.09-PM.jpeg 1280w\" sizes=\"auto, (max-width: 256px) 100vw, 256px\" \/><\/figure>\n<\/div>\n<\/div>\n\n\n\n<hr class=\"wp-block-separator has-alpha-channel-opacity\"\/>\n\n\n\n<div class=\"wp-block-columns is-layout-flex wp-container-core-columns-is-layout-9d6595d7 wp-block-columns-is-layout-flex\">\n<div class=\"wp-block-column is-layout-flow wp-block-column-is-layout-flow\" style=\"flex-basis:33.33%\">\n<figure class=\"wp-block-image size-large is-resized\"><img loading=\"lazy\" decoding=\"async\" src=\"https:\/\/mujerforestal.com\/natbios\/wp-content\/uploads\/2023\/06\/WhatsApp-Image-2023-06-20-at-6.25.08-PM-1024x1024.jpeg\" alt=\"\" class=\"wp-image-76\" width=\"256\" height=\"256\" srcset=\"https:\/\/natbios.org\/wp-content\/uploads\/2023\/06\/WhatsApp-Image-2023-06-20-at-6.25.08-PM-1024x1024.jpeg 1024w, https:\/\/natbios.org\/wp-content\/uploads\/2023\/06\/WhatsApp-Image-2023-06-20-at-6.25.08-PM-300x300.jpeg 300w, https:\/\/natbios.org\/wp-content\/uploads\/2023\/06\/WhatsApp-Image-2023-06-20-at-6.25.08-PM-150x150.jpeg 150w, https:\/\/natbios.org\/wp-content\/uploads\/2023\/06\/WhatsApp-Image-2023-06-20-at-6.25.08-PM-768x768.jpeg 768w, https:\/\/natbios.org\/wp-content\/uploads\/2023\/06\/WhatsApp-Image-2023-06-20-at-6.25.08-PM-600x600.jpeg 600w, https:\/\/natbios.org\/wp-content\/uploads\/2023\/06\/WhatsApp-Image-2023-06-20-at-6.25.08-PM.jpeg 1280w\" sizes=\"auto, (max-width: 256px) 100vw, 256px\" \/><\/figure>\n<\/div>\n\n\n\n<div class=\"wp-block-column is-layout-flow wp-block-column-is-layout-flow\" style=\"flex-basis:66.66%\">\n<h4 class=\"wp-block-heading\"><strong><a href=\"https:\/\/mujerforestal.com\/natbios\/index.php\/2023\/06\/20\/promovemos-el-trabajo-colaborativo\/\" data-type=\"URL\" data-id=\"https:\/\/mujerforestal.com\/natbios\/index.php\/2023\/06\/20\/promovemos-el-trabajo-colaborativo\/\">Promovemos el trabajo colaborativo<\/a><\/strong><\/h4>\n\n\n\n<p>Estamos convencidos que el trabajo en equipo y el acompa\u00f1amiento en toda la cadena de desarrollo tiene excelentes resultados por lo cual buscamos consolidar modelos productivos sustentables en comunidades con necesidades espec\u00edficas, a partir de la articulaci\u00f3n de diferentes entidades y actores.<\/p>\n<\/div>\n<\/div>\n","protected":false},"excerpt":{"rendered":"<p>En NatB\u00edos queremos una vida sustentable en nuestra casa com\u00fan, no obstante en la actualidad al hablar de &#8220;vida sustentable&#8221;&hellip;<\/p>\n","protected":false},"author":1,"featured_media":0,"parent":0,"menu_order":0,"comment_status":"closed","ping_status":"closed","template":"","meta":{"_monsterinsights_skip_tracking":false,"_monsterinsights_sitenote_active":false,"_monsterinsights_sitenote_note":"","_monsterinsights_sitenote_category":0,"footnotes":""},"class_list":["post-10","page","type-page","status-publish","hentry"],"aioseo_notices":[],"_links":{"self":[{"href":"https:\/\/natbios.org\/index.php\/wp-json\/wp\/v2\/pages\/10","targetHints":{"allow":["GET"]}}],"collection":[{"href":"https:\/\/natbios.org\/index.php\/wp-json\/wp\/v2\/pages"}],"about":[{"href":"https:\/\/natbios.org\/index.php\/wp-json\/wp\/v2\/types\/page"}],"author":[{"embeddable":true,"href":"https:\/\/natbios.org\/index.php\/wp-json\/wp\/v2\/users\/1"}],"replies":[{"embeddable":true,"href":"https:\/\/natbios.org\/index.php\/wp-json\/wp\/v2\/comments?post=10"}],"version-history":[{"count":17,"href":"https:\/\/natbios.org\/index.php\/wp-json\/wp\/v2\/pages\/10\/revisions"}],"predecessor-version":[{"id":415,"href":"https:\/\/natbios.org\/index.php\/wp-json\/wp\/v2\/pages\/10\/revisions\/415"}],"wp:attachment":[{"href":"https:\/\/natbios.org\/index.php\/wp-json\/wp\/v2\/media?parent=10"}],"curies":[{"name":"wp","href":"https:\/\/api.w.org\/{rel}","templated":true}]}}